2).
-6
Let o(v) = -2*v**2 - 11*v. Let i(f) = f - 1. Let n(a) = -4*i(a) - o(a). Calculate n(-4).
8
Let j(v) = v**3 + 6*v**2 + 5*v - 4. Suppose -8 = -6*m - 38. What is j(m)?
-4
Suppose 0 = 4*i - 3*a + 6 - 2, -2*a + 8 = 0. Let o be 8/3*3 - i. Let g(j) = j**3 - 7*j**2 + 6*j. Determine g(o).
0
Suppose 9 = 5*c - 0*c + o, -4*c - 5*o + 3 = 0. Let m(g) = -g**3 - 5 - c*g + 6*g**2 - 2*g + 0*g**2. Give m(5).
0
Let o(y) = -4*y - 1. Let v(x) = -3*x - 1. Let c(g) = 4*o(g) - 5*v(g). Let m(t) = 9*t - 6. Let p(n) = 4*c(n) + m(n). Calculate p(2).
8
Let r = 3 + -2. Suppose 2*y = -0*y + 18. Let u(m) = -y*m + r + 5*m + 1. What is u(2)?
-6
Let k(x) = x**3 - 3*x**2 - 7*x + 6. Let n(q) = 3*q**2 - q + 2 - 2. Let c be n(-1). Determine k(c).
-6
Let q(d) = d + 6. Let z(x) = 5*x + 2. Let j be z(-1). Give q(j).
3
Let b(t) = -2*t**3 - 3*t**2 - t + 2. Let w = -10 + 12. Suppose -p - w = -0. Calculate b(p).
8
Let a(u) = 2*u + 2. Let g = 3 + 1. Suppose -5*b + 1 = 2*f, -4*b + 2*f - g = 6. Let m = 1 - b. Calculate a(m).
6
Let u(x) = x**3 - x**2 + 2*x - 1. Let d = -8 + 12. Suppose 0 = -4*s + d*z - 8, 4 + 2 = 2*z. Determine u(s).
1
Let f(z) = 2*z**2 - 4*z - 5. Let s be 2*((-4)/(-8) - -1). Suppose -s = v - 7, -5*k + 36 = 4*v. Give f(k).
11
Let q(c) = c. Let a(b) = 2*b + 7. Let y(x) = -a(x) + 3*q(x). Determine y(5).
-2
Let c = 15 + -10. Let u(a) = -a**2 + 6*a. Calculate u(c).
5
Let h(m) = m**3 + 5*m**2 + 5*m. Let l = -29 + 25. Calculate h(l).
-4
Suppose h + 12 = 3*h. Let a(q) = 5*q**2 + 2*q**3 - 3*q**3 + 0*q**3 + 7 + 5*q. Give a(h).
1
Let o(u) = 5*u**3 - 13*u - 12. Let m(x) = x**3 + x**2 - x - 1. Let q(f) = -6*m(f) + o(f). Determine q(-4).
-10
Let b(f) = f**2 + 4*f**2 + 19 - 20 - 2*f**2. Let c be 3*(-3)/(-2 + 11). What is b(c)?
2
Let m(t) = -t**3 - 2*t**2 + 5*t + 5. Let f be m(-4). Let j = 40 + -29. Suppose -5*p = -2*d - 19, f = d + 5*p - j. Let s(n) = n - 1. Determine s(d).
2
Let z(j) be the third derivative of j**6/120 + j**5/15 + j**4/24 + j**3/2 + j**2. Determine z(-3).
9
Suppose 5*q = 2*l - 9, -14 + 1 = -4*l + 5*q. Let t be (0 - -3)*(1 + 0). Let w(i) = 2*i**2 + 2*i + 6*i**2 - 9*i**2 + i**t - 3 + 2*i. Calculate w(l).
9
Let u(k) = -k**2 - 13*k - 31. Let p be u(-9). Let l(y) = y**3 - y - 2. Let j(i) = i**3 - i**2 - 2*i - 1. Let x(q) = 4*j(q) - 3*l(q). What is x(p)?
2
Let a = 10 + -8. Let n(c) = -4*c - c**a + 3*c - 6*c. Calculate n(-5).
10
Suppose 0 = 3*c - 2*c - 3. Let a(i) = -i + 2*i**c - 5*i**2 - i**3 - 5*i. Let p(m) = 5*m**3 + m**2 - m + 1. Let r be p(1). What is a(r)?
0
Let l(s) = s**2 - s. Let p(n) = 2*n**2 + 1. Let m be 3 - 2 - 2 - -2. Let g(k) = m*p(k) - l(k). What is g(-3)?
7
Let l(q) = -1. Let i = 4 + -8. Let d(c) = c - 3. Let j(b) = i*l(b) + d(b). Let x(f) = -f - 6. Let a be x(-6). What is j(a)?
1
Let w(c) = 2*c - 5. Let z(g) = g - 3. Let d be 6/(3 + (2 - 3)). Let p(q) = d*w(q) - 5*z(q). Let k(l) = -l**2 + 4*l + 4. Let j be k(4). Calculate p(j).
4
Let c(j) = 2*j + 16. Let y(l) = 2*l + 17. Let t(d) = 4*c(d) - 3*y(d). Determine t(-10).
-7
Suppose 0 = -2*a + 16 - 24. Let j(g) = -3*g + 6. Let h(y) = -17 + 10*y + 5 - 7. Let d(b) = -2*h(b) - 7*j(b). What is d(a)?
-8
Let u(t) = -9*t + 3*t - 3 + t**2 - t**2 + t**2. Give u(7).
4
Let j(s) be the second derivative of s**6/180 - s**5/40 + s**4/24 - 5*s**3/6 + 4*s. Let r(i) be the second derivative of j(i). Give r(2).
3
Suppose 4*i - 14 - 2 = 0. Let l(z) = -z + 8. What is l(i)?
4
Let o(d) be the first derivative of d**5/20 - 5*d**4/12 + d**3 - d**2 + 3*d - 3. Let z(m) be the first derivative of o(m). Determine z(4).
6
Let f(k) be the second derivative of -k**3/6 - 5*k**2/2 + 10*k. Suppose 4*o = 5*j - 17, 0*j + 3 = 3*j. Give f(o).
-2
Let r(b) be the second derivative of -5*b**3/6 - b**2 + 45*b. What is r(-4)?
18
Suppose 0 = -a + 5*x + 1, 2*a - 4*x - x + 3 = 0. Let z = a - -8. Let o(r) = -5*r - 1. Let b(l) = 6*l + 1. Let i(d) = -3*b(d) - 4*o(d). Calculate i(z).
9
Let z be (0/(-4))/(-2 - 0). Let w(v) = v**2 + v**2 + z*v**2 + 6*v. Suppose 3*p - 2*t = -18, -3*p - 7 = t + 2. What is w(p)?
8
Let v(i) = 4*i**2. Let p = 9 + -4. Suppose 0 = -p*x + 11 - 1. Suppose 5*j = 15, -5*s + 4*j - x*j - 1 = 0. Calculate v(s).
4
Let p = 10 - 6. Let l(a) be the third derivative of -a**5/60 + a**4/6 + 5*a**3/6 + 19*a**2. Determine l(p).
5
Let s(k) = -k - 1. Suppose 10 = i - 0*i. Let o be (-4)/i + (-39)/15. What is s(o)?
2
Let a(s) = s. Let n = -140 + 141. Give a(n).
1
Let a(d) = -d**3 + 3*d**2 - 2*d - 1. Let o(g) = 0*g - 2*g**2 - 5*g - 4*g**3 + 9*g**2 - 2 + 2*g**3. Let x(u) = -13*a(u) + 6*o(u). Determine x(-4).
1
Let n be 5/(-10)*(0 + 0). Let s(d) = d - 6. What is s(n)?
-6
Let x(j) be the third derivative of -j**5/60 + j**4/12 + j**3/3 - 29*j**2. Calculate x(-2).
-6
Suppose -3*k + 2*k - 24 = 4*p, p - 4*k + 23 = 0. Let i(m) = -m - 9. Give i(p).
-2
Let c be (0 - 0)/((-2)/1). Let r be (1 - c/2)/(-1). Let f(z) = 7*z**3. Determine f(r).
-7
Let k(d) be the third derivative of d**5/60 + d**4/4 - d**3/3 + d**2. What is k(-3)?
-11
Let u(l) = 2*l. Let y be u(1). Let m(q) = q**3 - 3 - 2*q**2 - 2*q - y*q + 3*q. Let p(i) = 4*i**2 - i. Let h be p(1). Give m(h).
3
Suppose 0 = -2*u - 2*u + 12. Let p(o) be the second derivative of -o**5/20 + o**4/4 - o**3/6 - o**2/2 + 2*o. Determine p(u).
-4
Let n(r) be the second derivative of 2*r**3/3 - r**2 + 5*r. Calculate n(3).
10
Let u(v) = -v + 1. Let c(b) be the first derivative of -b**2 + 2*b - 1. Let j(r) = -4*c(r) + 11*u(r). Suppose -2 - 4 = -2*o. Determine j(o).
-6
Let u(x) = -1 + x**2 - 2*x**2 - 7*x**2 - 2*x. Let d(a) = a**3 + 3*a**2 + 3*a + 1. Let q be d(-2). What is u(q)?
-7
Let f(z) = z**2 + z + 1. Suppose i + 40 = 3*i. Suppose -2*q - 2*q = -i. Let h(v) = v**2 + 1. Let p(n) = q*h(n) - 6*f(n). Give p(-5).
4
Let n = -66 + 46. Let b = n - -14. Let d(p) = p**3 + 6*p**2 + p + 1. Give d(b).
-5
Let n(y) = -y**3 + 3*y**2 + 3*y - 2. Suppose 31*u - 28*u = 12. What is n(u)?
-6
Let o(r) = r**2. Let k be o(-2). Suppose 15 = p - k*p. Let t(m) = 2*m + 7. Determine t(p).
-3
Let t(i) be the second derivative of 1/20*i**5 - 3*i + 5/2*i**2 + 1/3*i**3 + 0 - 5/12*i**4. Give t(4).
-3
Let f be (-26)/10 - (-6)/(-15). Let i(n) be the second derivative of n**4/12 + n**2 - 8*n. Determine i(f).
11
Let z(q) = -q**2 - 2*q + 4. Let d = 0 - -10. Let h be d*2*(-15)/4. Let y be 5/(h/12)*5. Give z(y).
-4
Let o be (1/(-2))/(3/(-6)). Let w(h) = 11*h**2 - 2*h + 1. Give w(o).
10
Let k(b) be the first derivative of -3*b**2 + 9*b + 2. Let g(m) = -7*m + 10. Let v(w) = -4*g(w) + 5*k(w). What is v(5)?
-5
Let m(n) = -18*n + 40*n + 8 - 21*n. What is m(0)?
8
Let a(k) be the third derivative of -k**5/60 + 7*k**4/24 + 3*k**2. Let r be a(6). Let b(s) = -r - s**3 - 5*s**2 + 2*s + 13 + s + 0*s**3. Calculate b(-5).
-8
Let k(q) = -q**2 - q - 10. Let t be (-2)/(-3) - 6/9. Determine k(t).
-10
Let w(k) be the third derivative of k**3/6 - 2*k**2. Let r(b) = b + 6. Let u(x) = -5*r(x) + 30*w(x). Determine u(1).
-5
Let s(t) = -t - 1. Let g = 5 - 0. Suppose -10 = -g*k, 4*d + d - 4*k = -13. What is s(d)?
0
Suppose 20 = 5*n + 4*b - 0*b, 0 = 2*n - 3*b - 8. Let f(t) = t**3 - 5*t**2 + 6*t - 4. Give f(n).
4
Let q(p) = -1 + 1028*p + 8 - 1031*p. Calculate q(5).
-8
Let n be 0/(2 + 0 - 4). Suppose 0 = 5*d - n*d - 5. Let r(u) = -4*u**3 - u**2 - u + 1. What is r(d)?
-5
Let h(t) = t**3 - t + 6. Let m(g) = g**2 - 3*g + 3. Let l be m(5). Let j = l + -13. Determine h(j).
6
Let h(q) be the second derivative of q**3/3 - 3*q**2/2 + 4*q. Determine h(-4).
-11
Let p(j) = j**2 + 7*j. Let t(l) = 3*l**2 + 14*l + 1. Let w(a) = 5*p(a) - 2*t(a). Let y = 11 + -7. Determine w(y).
10
Let b(t) = -t**3 - 3*t**2 + 4*t. Let g be -2 - (8/28 - (-60)/35). Determine b(g).
0
Let u(b) = b**3 + 7*b**2 - 8*b - 10. Let n(s) = s**2 - s - 1. Let r(i) = 2*n(i) - u(i). Suppose -9*o + 2*o = 42. Calculate r(o).
8
Let f(z) be the first derivative of -z**4/24 - z**3/6 + 3*z**2 + 8. Let g(b) be the second derivative of f(b). Give g(0).
-1
Let z = 19 - 27. Let g be 2/z*(1 - 5). Let i(u) = -6*u. Calculate i(g).
-6
Let c(q) = -2 - 2 + 4*q + 5. Let i be (-2)/4 + 0 - 2/4. Determine c(i).
-3
Let p(n) be the first derivative of 3*n**2/2 + 5*n + 46. Let q(f) = -f**3 - 4*f**2 + 6*f + 1. Let m be q(-5). Calculate p(m).
-7
Let w(n) = -n**2 + 4. Let z(y) = 3*y**2 - 2*y. Let v be z(0). Give w(v).
4
Let r(h) be the second derivative of -h**4/12 - h*